 greatest common divisor of 130 and z?
10
Let t = 2496 - 2472. What is the greatest common factor of 1128 and t?
24
Let q(h) = -13*h - 8. Let j be q(-6). Suppose 2*o = 182 + j. Suppose 18 = g + 4. What is the highest common factor of o and g?
14
Let o be (-24256)/(-4) + 76 + -68. What is the highest common factor of 46 and o?
46
Let q(r) = -14*r - 25. Let x be q(-3). Suppose 12*d = 19 + x. Suppose -d*s + 22 = m, s + 92 = 3*m - 3*s. Calculate the greatest common factor of m and 7.
7
Let s be ((-9)/12)/(216/(-64))*18. Let o = 136 + -118. Calculate the highest common factor of s and o.
2
Let v(k) = 77*k**3 - 3*k + 2. Let o be v(1). Suppose r - 3*r + o = 0. What is the greatest common divisor of r and 456?
38
Let b = -90 + 114. Let a(v) = 10*v - v - 3*v + v**3 + 4*v**2 - b - 26*v**2. Let w be a(22). Calculate the greatest common divisor of 36 and w.
36
Let c = 980 + -539. Let v = c + -433. Calculate the greatest common divisor of v and 2.
2
Suppose -2*n = -51 - 43. Suppose 7*f - 72 - n = 0. Calculate the highest common divisor of f and 1547.
17
Let x(w) = 109*w**2 + 108*w + 109. Let f be x(-1). What is the greatest common factor of 4070 and f?
110
Suppose -l - 2*i + 10 - 2 = 0, 0 = l + i - 6. Suppose -6*w + c = -l*w - 718, c - 362 = -w. Calculate the greatest common factor of 27 and w.
9
Suppose -4523 - 2317 = -19*a. Let p = a + 67. What is the greatest common divisor of p and 7?
7
Suppose 3*i - 17 + 2 = 0. Suppose s = -i*h + 331, -4*s - 5*h + 1675 = s. Suppose f = -f + s. Calculate the greatest common factor of f and 24.
24
Let m = -5596 + 5606. What is the highest common factor of m and 7080?
10
Suppose -7076 = -16*p - 13*p + 1044. Let j = -17 - -57. What is the greatest common factor of p and j?
40
Suppose 0 = 3*l + 12 - 81. Let d be (2/4)/(l/552). Let h(r) = -2*r**3 - 3*r**2 - r + 2. Let u be h(-2). What is the greatest common factor of d and u?
4
Suppose 15*k = 14*k - 2. Let o = 132 + -31. Let h be k/(3 + o/(-33)). What is the greatest common factor of h and 55?
11
Let l(a) = -39*a**3 + 23*a**3 + 14*a**3 + 24*a**2 - 14*a - 25. Let k be l(11). Calculate the greatest common factor of k and 7.
7
Let w = 5133 - 3421. What is the highest common factor of 144 and w?
16
Suppose -19*o = 119*o - 14904. Calculate the highest common divisor of 432 and o.
108
Let r = 34 + -24. Suppose 0 = 2*n + 2*m + 20, -3*n - 15 = -2*n + 2*m. Let w be (-2)/n*(101 + 2 + -3). Calculate the highest common divisor of r and w.
10
Let a = -3611 + 3683. What is the greatest common divisor of 2184 and a?
24
Let r(c) = -2*c**2 - 71*c - 31. Let a be r(-35). Let u be a/6 - (-49)/3. What is the highest common divisor of 153 and u?
17
Let k = 262 - 240. Let s be 3/((-6)/k)*-4. Let h(p) = 33*p**3 - p + 1. Let l be h(1). Calculate the highest common factor of s and l.
11
Let v(u) = 301*u**2 + 61*u - 116. Let d be v(2). What is the highest common factor of 165 and d?
55
Let b be 40*(59 + -1)*((-2064)/(-120) + -17). Calculate the greatest common divisor of b and 1682.
58
Suppose -17*k = 33*k - 3300. What is the greatest common factor of 2530 and k?
22
Let l(h) = 10*h**2 - 58*h - 315. Let i be l(-5). Calculate the highest common factor of i and 475.
25
Suppose -3*q = w - 1 - 5, w - 5 = -4*q. Let t(s) = -13*s + 7. Let m be t(7). Let y = -39 - m. What is the highest common divisor of y and w?
9
Let n(m) = m**3 - 4*m**2 + 31*m + 12461. Let i be n(0). Calculate the greatest common divisor of i and 17.
17
Let r(o) be the first derivative of -85*o**2/2 + 520*o + 215. Let p be r(-6). What is the greatest common factor of 10 and p?
10
Suppose -620 = -m - 3*a, -m - 2*a - 201 = -818. What is the highest common divisor of m and 423?
47
Let x(i) = -i**3 - 95*i**2 - 361*i + 291. Let y be x(-91). Let r be ((-12)/10)/(3/(-15)). Let t be 81/r*1*2. What is the greatest common divisor of t and y?
9
Suppose 0 = -6*u + 745 - 271. Let k = -54 + u. Let o be (-10 - 0)/(10/(-50)). What is the greatest common divisor of k and o?
25
Let i be 1/4 - 1534/(-8). Let d be (-17)/(-272) + (-3069)/(-48). Calculate the greatest common divisor of i and d.
64
Let i(v) = 93*v - 548. Let m be i(6). Suppose -4*h = -119 - 241. Calculate the greatest common divisor of m and h.
10
Let u be ((-42)/(-56))/(1/4). Suppose 3*l + 1628 = 4*n, -7*n + 8*n = -u*l + 407. What is the greatest common divisor of 11 and n?
11
Suppose -1095 = -126*z + 903 + 522. Let u = -7 - -267. Calculate the greatest common factor of z and u.
20
Suppose 5*b - 39*u = -42*u + 8, -3*b - 3*u = 6. What is the highest common factor of 91 and b?
7
Suppose 2*z = 2*v + 307 + 343, -340 = -z + 4*v. Let i = 97 + -148. Let d = -11 - i. What is the highest common divisor of z and d?
40
Suppose -472 = 14*p - 16*p + 2*d, 3*p + 3*d = 732. Calculate the greatest common factor of 312 and p.
24
Suppose 4*h - f = 33, 3*f = -h - 3 - 5. Suppose -14*p + 42 = -h*p. What is the highest common divisor of 174 and p?
6
Suppose -4*n + y - 105 = 0, -39 = n + 3*y + y. Let f be (n/(-12) + -3)/(4/(-16)). Suppose -15 + 48 = f*j. What is the greatest common divisor of 33 and j?
11
Let x be 130/(5 - (-9 - -12)). Suppose -10*f = 3*f - x. What is the greatest common divisor of 160 and f?
5
Suppose c + i - 477 = -452, 3*c - i - 35 = 0. Let d be 7826/18 - (-10)/45. Calculate the greatest common divisor of c and d.
15
Let c(k) = 8*k**2 + 66*k - 86. Let d be c(9). What is the highest common divisor of d and 17?
17
Suppose 241*s = 246*s - 280. Let a(h) = 29*h**3 + h**2 - 1. Let t be a(1). Suppose t = 3*v + 8. Calculate the highest common divisor of s and v.
7
Let h = 119 + -133. Let x(v) = -3*v - 39. Let r be x(h). Suppose 2*a = -2*t + 34, r*t = 2*t + 5*a - 1. What is the highest common factor of t and 42?
14
Let f(p) = -3*p**3 + p**2 + 25*p + 175. Let q be f(-5). What is the highest common divisor of q and 190?
10
Suppose -3*b - 4 = -i, 5*b - 3*i = -9 + 1. Let p be (-23 + -5)*b*55/20. What is the greatest common divisor of p and 33?
11
Suppose 0 = 29*l - 8087 - 5717. Let b(i) = -i**2 - 9*i - 3. Let h be b(-5). Calculate the greatest common divisor of h and l.
17
Suppose 6224 = -11*c + 19*c. Let j = 1333 - c. Calculate the highest common divisor of j and 30.
15
Let b be -6 + ((-24220)/8)/(-7) - 18/(-12). What is the greatest common factor of 321 and b?
107
Let r = 503 + -52. Let c = r + -80. Suppose 0 = -3*m + c + 388. What is the highest common divisor of m and 11?
11
Let s be 1*22/4*46. Let i be ((-23)/(-2))/((-5)/(-10)). Calculate the highest common factor of s and i.
23
Suppose -2*x = -3*x. Suppose -3*c + c + 110 = x. Suppose 4*q + 2*r - 12 = 0, 5*q + 8 = -3*r + 21. What is the greatest common divisor of c and q?
5
Let k(x) = 2*x**3 + 26*x**2 - 28*x + 9. Let g be k(-14). Let a be g + -9 + 8 + 44. Calculate the highest common divisor of 1196 and a.
52
Let m be (19/(228/48))/(40/170). Let i(h) = h**3 - 5*h**2 + 2*h + 7. Let l be i(5). Calculate the greatest common divisor of m and l.
17
Suppose 0*u = 5*u + 130. Let r = 19 - u. Let w be 5*(15/r)/(2/18). What is the greatest common factor of w and 10?
5
Let c = -54 + 56. Let k be (-15)/30 - 75*c/(-4). Suppose -6*l = -5*l - 148. Calculate the greatest common factor of k and l.
37
Let f = -112 - -97. Let t(v) = v**2 + 12*v - 25. Let j be t(f). Let h be (168/j)/((-6)/(-20)). Calculate the greatest common factor of 21 and h.
7
Suppose -526*y - 553*y + 12948 = 0. Suppose -5*x = -3*t - 807, 3*x + x + 4*t = 652. What is the greatest common factor of x and y?
6
Suppose -207*p + 205*p = 4*t - 252, 3*p = -2*t + 122. Calculate the greatest common factor of 28 and t.
4
Suppose 446 = 3*h - 79. Suppose 2*l = 0, 2*l = 5*w - 2*l + h. Let x = -31 - w. Calculate the highest common divisor of x and 1.
1
Let n(p) = -238*p + 1. Let d be n(1). Let m(k) = 3*k**2 - 108*k - 83. Let h be m(36). Let x = h - d. What is the highest common divisor of 14 and x?
14
Let x be (-3)/(33/(-12) - (-2 - 0)). Let d be (-32)/8 + (x - -196). Suppose 19 = z + 3*b, z = -2*z - b + 81. What is the greatest common factor of d and z?
28
Let g(t) = -t - 5. Let s be g(5). Let q(m) = -2*m**2 + 35*m - 45. Let h be q(16). Let u be (-100)/h*15/s. Calculate the highest common divisor of u and 25.
25
Suppose -2280 = 28*q + 5924. Let i = 404 + q. What is the highest common factor of 3 and i?
3
Let m = 